-3*b**2 - 80*b - 57. Let m be z(-24). Calculate the highest common divisor of m and 120.
15
Suppose 8*f - 4*f - 24 = -2*z, 0 = 2*f + 3*z - 12. Calculate the greatest common factor of 5 and f.
1
Let j(z) = 21*z + 152. Let i be j(53). What is the greatest common factor of i and 115?
115
Let j = -363 - -388. Calculate the highest common divisor of 275 and j.
25
Suppose 4*f - 39 - 41 = 0. Let b = 13 - 11. Suppose -2*p + 130 + 230 = -v, b*p - 2*v - 360 = 0. Calculate the highest common divisor of p and f.
20
Suppose -438*d - 81 = -465*d. Suppose 9 - 69 = -4*u. What is the greatest common factor of u and d?
3
Let j = 53 + -41. Suppose -u + 13 + j = 0. Calculate the greatest common divisor of u and 10.
5
Let w be 7*4 + (2 - 1). Suppose 0 = l - 4*k - 249, 6*l - 2*k = 10*l - 1050. Calculate the highest common divisor of l and w.
29
Let b(c) = -10*c + 55. Let l(m) = -10*m + 54. Let w(u) = -3*b(u) + 4*l(u). Let s be w(5). Calculate the highest common divisor of 5 and s.
1
Suppose 0 = 3*r + 2*r - 170. Suppose 2*q = 0, 41 + r = 5*o + 4*q. What is the greatest common factor of 120 and o?
15
Let c be ((-63)/(-6))/21*150. What is the greatest common factor of c and 475?
25
Let x(t) = -t**3 + 18*t**2 - 4*t - 6. Let d be x(17). Calculate the greatest common divisor of 129 and d.
43
Let x(t) = -t**3 + 8*t**2 - 2*t + 4. Let w be x(4). Calculate the highest common factor of 15 and w.
15
Suppose q = -y + 715, 27*y - 5*q - 3525 = 22*y. Calculate the highest common factor of y and 10.
10
Let y be -6 - 1/(-2)*6. Let n be ((-2)/(-5))/(y/(-30)). Suppose n*f = 2*f + 160. Calculate the highest common divisor of f and 10.
10
Let h be ((-3)/5)/((-13)/130). Suppose -2*b + 129 = 33. What is the highest common divisor of h and b?
6
Let d(s) be the first derivative of s**4/4 + 16*s**3/3 - 21*s**2/2 - 40*s + 31. Let m be d(-17). Calculate the greatest common divisor of m and 84.
28
Let w = -47 + 85. Suppose -5*h + 3*x = 5*x - w, 3*x = 2*h. Let n be (30/9)/((-4)/(-18)). Calculate the highest common factor of h and n.
3
Suppose -9*n - 312 + 2553 = 0. Let k = -109 + n. Suppose -5*b + 0*g + 90 = -2*g, 5*g + 75 = 5*b. Calculate the greatest common divisor of k and b.
20
Let d be 5/((-15)/(-4))*15. Let c be -2 + (-54)/(-4) + 9/(-6). What is the highest common factor of d and c?
10
Suppose 0 = 5*u + 46 - 206. Suppose 7*z + 4 - u = 0. What is the greatest common factor of 52 and z?
4
Let x(o) = 2*o**2 + 40*o + 20. Let n be x(-21). Let z = n + -50. What is the greatest common divisor of 108 and z?
12
Let n(b) = 37*b - 237. Let d be n(7). Let x be (-1)/((6/2)/(-99)). Calculate the greatest common divisor of d and x.
11
Let b(n) = -11 + 9 + 631*n - 637*n. Suppose -5*h = 3*j + 25, j = -4*h - 0*h - 13. Let o be b(h). Calculate the highest common divisor of 15 and o.
5
Let n = -45 + 61. Let s = -6 + n. What is the greatest common factor of s and 2?
2
Let i = 280 - -335. What is the greatest common factor of 15 and i?
15
Suppose 5*j - 3*f - 412 = 0, -168 = -j - j + 2*f. Let p(w) = w**2 + 8*w + 11. Let t be p(-9). What is the highest common factor of t and j?
20
Let k(g) = -g**3 + 5*g**2 + 2*g - 3. Let x be k(4). Let z(o) = 1 - 1 - 11*o + 6 + 0. Let l be z(-9). What is the highest common factor of x and l?
21
Suppose 0 = -50*j - j + 2907. Calculate the highest common factor of 190 and j.
19
Let y = 14 + -11. Suppose y*k - 1 = -0*k + l, -l = 2*k - 4. Calculate the greatest common divisor of k and 3.
1
Suppose 7*p - 10*p + 5*r + 150 = 0, 4*r + 57 = p. Calculate the greatest common factor of p and 105.
15
Suppose 0 = -h - 3 - 2, -2*u + 18 = -2*h. Suppose 98 = 5*b - 4*y, -58 - 33 = -u*b - y. Calculate the highest common factor of b and 110.
22
Let k(g) = -g**3 + 8*g**2 + 8*g + 9. Let b be k(9). Suppose -2*v - 4 = b, -16 + 2 = -u + 5*v. What is the greatest common divisor of 32 and u?
4
Let i = 11 + -9. Suppose 0 = -i*x - 5 + 11. Suppose -17 = 3*f + 5*o - 66, -x = 3*o. What is the greatest common factor of f and 45?
9
Let r be ((-3784)/10 - 2) + (-8)/(-20). Let b be (9/(-18))/(2/r). Calculate the greatest common divisor of b and 38.
19
Let f(a) be the second derivative of -a**4/12 + 5*a**3/6 + a**2/2 - 10*a. Let g be f(2). What is the greatest common divisor of 21 and g?
7
Let g(f) = 4*f - 5. Let n be g(3). Let j = -6 + n. Suppose -4*m + s = -36, 10 - j = m - 4*s. Calculate the highest common factor of 1 and m.
1
Let p = -718 + 723. What is the greatest common factor of 29 and p?
1
Suppose 2*i - 62*r = -63*r + 124, -10 = -5*r. What is the greatest common divisor of 183 and i?
61
Suppose 0 = -7*s + 2*s - 30. Let q be (-2 - -4)*(s + 4 - -30). What is the highest common factor of q and 84?
28
Let x(h) = h**2 - 13*h + 8. Let v be x(12). Let k be (-527)/(-15) - v/(-30). What is the highest common divisor of k and 7?
7
Suppose -4*g + 443 = -5*u, -14*g - 223 = -16*g + u. What is the highest common divisor of g and 432?
16
Suppose -10*a + 184 = 13*a. What is the highest common factor of 14 and a?
2
Let f be (-1 - 1) + (-18)/(-1). Let d be 1254/77 - 2/7. What is the highest common factor of d and f?
16
Suppose 0 = 18*p - 154 - 170. Let v be (-2)/5 - 182/(-5). Calculate the greatest common divisor of v and p.
18
Suppose c + 134 = 4*r, 2*r - 454*c = -453*c + 70. Let t be ((-16)/(-5))/((-1)/(-15)). Calculate the highest common factor of t and r.
16
Suppose 3*c - 230 = -3*x + 7, -3*c + 12 = 0. What is the greatest common factor of x and 24?
3
Suppose 3*h = -4*f - 220 + 811, -h = -5*f + 715. Calculate the highest common factor of 9 and f.
9
Suppose -4*t + 32 = 4*k - t, 0 = 4*k + 2*t - 36. Suppose -5*u = -2*b + 3, -b = b + 3*u - k. Suppose 3*a - b = 5. What is the highest common divisor of a and 21?
3
Suppose -7*g = -58 - 19. Suppose g = w - 7. What is the greatest common factor of 27 and w?
9
Let p = -33 - -47. Let o be (-6)/9 + 556/6. Let d = o - -62. What is the highest common factor of p and d?
14
Let p(h) = -42*h - 3. Let b be p(-2). Let r(q) = q**2 - 6*q - 28. Let l be r(-5). Calculate the highest common factor of b and l.
27
Let p(y) = -y - 14. Let j be p(-7). Let i = j - -23. What is the highest common divisor of 8 and i?
8
Suppose 4*d = -2*a - 66, a + 0*a - 81 = 4*d. Let z = d + 21. Suppose q + 66 = z*q. What is the greatest common divisor of q and 6?
6
Let o(d) = -20*d**3 - 6*d - 3. Let t be o(-2). Calculate the highest common factor of t and 117.
13
Let n = 8 + -2. Suppose -8*t - 13 = -133. Calculate the highest common factor of n and t.
3
Let j be 4/(-5) - (14376/(-20) - -5). What is the highest common divisor of j and 31?
31
Let f(b) = b**3 + 29*b**2 + 73*b + 114. Let o be f(-24). Calculate the greatest common factor of 92 and o.
46
Let w be 2*(5/2 - 2). Let k be (-89)/(-4) + w/(-4). Calculate the greatest common divisor of k and 55.
11
Let o(s) = 2*s - 20. Let u be o(-5). Let y = 64 + u. What is the greatest common factor of y and 51?
17
Let t be -2 - 15/10*22. Let h be (0 - 5)*406/t. What is the highest common factor of 145 and h?
29
Let t = 5 - 3. Suppose -t*b - 6 = 0, -5*b + 5 = 5*n - 0*b. Suppose -n*k + 51 = -45. Calculate the greatest common divisor of k and 24.
24
Suppose -3*t = -t + 168. Let d(q) = 3*q**3 - 7*q**2 + 11*q - 4. Let p be d(4). Let x = p + t. What is the greatest common factor of x and 6?
6
Let j(t) = 3*t**2 + 2*t - 4. Let c be j(1). Let m(p) = 3*p - 3. Let g be m(2). What is the highest common divisor of g and c?
1
Suppose -2*d - 62*w = -60*w - 8, -d + 34 = -5*w. What is the greatest common factor of d and 27?
9
Let u be ((-160)/36)/20 - 1012/(-18). Suppose -w = 4*w - 420. What is the greatest common divisor of u and w?
28
Let l(d) = -d**3 + 8*d**2 + 10*d + 5. Let z = -5 + 14. Let h be l(z). What is the greatest common factor of 70 and h?
14
Let u be -2 - (1 - 0) - 1. Let m = 7 + u. Suppose -m*d + 4*b = -2*d + 14, 0 = -3*d + b + 2. What is the highest common factor of 3 and d?
1
Let o(v) = 2*v**2 - 44*v - 198. Let p be o(27). Let a(n) = n**2 - n - n + n**2 - 4. Let k be a(3). What is the highest common divisor of p and k?
8
Let o be 32*1 - (1 + 10 + -9). What is the highest common divisor of o and 60?
30
Suppose 2*f + 8 - 24 = -2*i, 18 = f + 3*i. What is the highest common factor of 27 and f?
3
Let a = 3 + -1. Let l be a*((-927)/(-6))/1. Suppose 3*b - l = -3*t, b - 4*b + 3*t